n base 4, what is 20 - -21?
101
In base 9, what is -1 + -422?
-423
In base 6, what is 5 + 12020?
12025
In base 12, what is 14 - -55?
69
In base 12, what is -b55 - 4?
-b59
In base 11, what is 7 - -79a?
7a6
In base 7, what is 5 - 1034?
-1026
In base 6, what is 2100 - -13?
2113
In base 5, what is -2312 + -142?
-3004
In base 13, what is -4 - -1a23?
1a1c
In base 16, what is 1 + -11f?
-11e
In base 11, what is 16 - 10?
6
In base 5, what is 1112101 - 4?
1112042
In base 10, what is -1589 + -3?
-1592
In base 3, what is 120221 + 2?
121000
In base 8, what is -120 - 5?
-125
In base 10, what is -3609 - -2?
-3607
In base 15, what is -1acc - -2?
-1aca
In base 6, what is -105 + -130?
-235
In base 12, what is -2 - 1?
-3
In base 5, what is 41 + 4?
100
In base 12, what is -1 + -66?
-67
In base 15, what is 63 + 3b?
9e
In base 3, what is -12 + 2022?
2010
In base 5, what is -4 - -11334?
11330
In base 13, what is 12a - -3?
130
In base 13, what is -7 - 46?
-50
In base 15, what is 61 - b?
55
In base 13, what is 12 - c9?
-b7
In base 6, what is 314 + 1?
315
In base 3, what is 10211012 + 0?
10211012
In base 7, what is 3 + -5164?
-5161
In base 16, what is 29 - -63?
8c
In base 7, what is -5114 + -4?
-5121
In base 14, what is 263b - -4?
2641
In base 16, what is -22 + -28?
-4a
In base 3, what is -10 + -1000112?
-1000122
In base 2, what is -111 + -100?
-1011
In base 15, what is -e3 + 4?
-de
In base 11, what is -22 - 5?
-27
In base 16, what is 27b5 + 1?
27b6
In base 16, what is 6 + 3?
9
In base 10, what is -40252 + -1?
-40253
In base 13, what is -3 + -1c?
-22
In base 2, what is 11111 + -110001?
-10010
In base 15, what is 4 - 5?
-1
In base 2, what is -10 + 101111?
101101
In base 4, what is -21 - 22012?
-22033
In base 2, what is -100110000000 - 100?
-100110000100
In base 14, what is 0 + -54?
-54
In base 12, what is 5 + -18a?
-185
In base 12, what is 4 - -7?
b
In base 2, what is -1 - -110100?
110011
In base 3, what is 1020022211 + 1?
1020022212
In base 15, what is 21ba - 4?
21b6
In base 13, what is -2 - 2b43?
-2b45
In base 6, what is -3 + 214?
211
In base 2, what is 0 - -10001110000101?
10001110000101
In base 15, what is 522 - -a?
52c
In base 13, what is 0 - -3?
3
In base 15, what is -1 + 10a?
109
In base 15, what is -1 + 1462?
1461
In base 16, what is -6 - a6?
-ac
In base 16, what is 3 - 77?
-74
In base 12, what is 4 - 388?
-384
In base 2, what is 100000111 - 0?
100000111
In base 2, what is -10 + 100010101?
100010011
In base 12, what is 19 + 82?
9b
In base 3, what is -111 - 22110?
-22221
In base 4, what is 33 - 22320?
-22221
In base 8, what is 3 + -743?
-740
In base 3, what is -212100 - -2?
-212021
In base 13, what is -405 + -17?
-41c
In base 8, what is 2777 + -2?
2775
In base 15, what is 7e3 + 0?
7e3
In base 8, what is -6 - -223?
215
In base 10, what is -1 - 331?
-332
In base 4, what is -200 + -10?
-210
In base 13, what is -109 - 37?
-143
In base 12, what is -a4 - 6?
-aa
In base 12, what is -2 - -33?
31
In base 2, what is -11100010 + -1?
-11100011
In base 6, what is 3 - -45?
52
In base 12, what is a + -4?
6
In base 13, what is -a + -11?
-1b
In base 4, what is -3 - 12320?
-12323
In base 6, what is 0 + 30?
30
In base 6, what is 3 + 32?
35
In base 6, what is 4 - -122?
130
In base 7, what is 0 + -132?
-132
In base 2, what is -1001111 + -10?
-1010001
In base 11, what is -40126 - 2?
-40128
In base 12, what is -547 - 5?
-550
In base 11, what is -5 - -615?
610
In base 13, what is 214 - 0?
214
In base 10, what is -5 + -60?
-65
In base 5, what is -1 - -22?
21
In base 14, what is 0 + -9d?
-9d
In base 11, what is 2 + -61?
-5a
In base 13, what is -5 + -25b?
-263
In base 7, what is 100 + -4?
63
In base 2, what is -100001 - 101110?
-1001111
In base 8, what is 663 - 2?
661
In base 8, what is 56 + -55?
1
In base 2, what is -101101 - 1100?
-111001
In base 5, what is -1 - 320?
-321
In base 15, what is 0 + -25e?
-25e
In base 7, what is 15063 - -3?
15066
In base 11, what is 2 - 7a?
-78
In base 6, what is -45520 + 5?
-45511
In base 7, what is -162 - 32?
-224
In base 7, what is 150 + 11?
161
In base 5, what is 1 - -122020?
122021
In base 16, what is 18 + -c?
c
In base 8, what is 0 - 27?
-27
In base 7, what is 10 + 3603?
3613
In base 13, what is 64 + 1b?
82
In base 5, what is -12 - 224?
-241
In base 9, what is 22 - -35?
57
In base 3, what is 110021110 - -2?
110021112
In base 9, what is -4025 + -5?
-4031
In base 11, what is -237 + -3?
-23a
In base 16, what is -4 + 99a?
996
In base 4, what is -3 - 13002?
-13011
In base 10, what is 3119 + -3?
3116
In base 6, what is 405 + 1?
410
In base 3, what is 10 - 101121?
-101111
In base 2, what is -1 + -100000001?
-100000010
In base 8, what is -243 - -144?
-77
In base 4, what is 121 - -3?
130
In base 8, what is 134 + -1?
133
In base 6, what is -5524 + -1?
-5525
In base 14, what is -10bc - -3?
-10b9
In base 14, what is 3b7 - -2?
3b9
In base 11, what is 1 + -16?
-15
In base 8, what is 21 - 33?
-12
In base 7, what is -1 + 2160?
2156
In base 15, what is -5 - -9e?
99
In base 16, what is 6d + 1?
6e
In base 10, what is 5 - 36?
-31
In base 9, what is 1 + 28?
30
In base 12, what is -391 + -5?
-396
In base 15, what is 0 - a6?
-a6
In base 8, what is -10 - 2?
-12
In base 7, what is 10 - 150?
-140
In base 3, what is -10 - 100?
-110
In base 8, what is 225 + 41?
266
In base 2, what is -10110 - 110?
-11100
In base 14, what is -5 + -4a?
-51
In base 8, what is 1 + -133?
-132
In base 15, what is -3 - 39?
-3c
In base 2, what is 101010001001 - -11?
101010001100
In base 2, what is 0 + -1001?
-1001
In base 6, what is 333 + -30?
303
In base 14, what is 7 - 5a?
-53
In base 14, what is -5 + 133b?
1336
In base 5, what is -10 + 3?
-2
In base 14, what is 3 - 39?
-36
In base 10, what is -1572 + -3?
-1575
In base 4, what is 12202 - -2?
12210
In base 4, what is 200 + -100?
100
In base 6, what is -13 + -24?
-41
In base 13, what is -16 + -a?
-23
In base 9, what is 10 + 10?
20
In base 3, what is -101 + -2101?
-2202
In base 10, what is -3 - 1?
-4
In base 12, what is -3a2 + 5?
-399
In base 9, what is 0 + -164?
-164
In base 16, what is -7a3 + 3?
-7a0
In base 16, what is -2b8b + -2?
-2b8d
In base 14, what is 66 - -1?
67
In base 10, what is -1 + -1362?
-1363
In base 4, what is -3303112 - 0?
-3303112
In base 9, what is -15 - -12?
-3
In base 10, what is -33 + 216?
183
In base 2, what is -1010 - -11100?
10010
In base 6, what is 151023 + 5?
151032
In base 10, what is 1 + -1954?
-1953
In base 14, what is 2 + 1c?
20
In base 8, what is -2502 + -10?
-2512
In base 12, what is 25 + 19?
42
In base 14, what is 4 - -102?
106
In base 11, what is -2 + 3a00?
39a9
In base 4, what is 0 + -10?
-10
In base 11, what is -69 + 2?
-67
In base 11, what is -2 + -98?
-9a
In base 12, what is -2 + 329?
327
In base 15, what is 4b7 - 5?
4b2
In base 8, what is -105 + 71?
-14
In base 8, what is 0 + 31?
31
In base 5, what is -22 + -43?
-120
In base 7, what is 5 + -26161?
-26153
In base 5, what is -42 - -100?
3
In base 10, what is -18919 - -3?
-18916
In base 6, what is 555103 + 1?
555104
In base 3, what is 11212111 - 0?
11212111
In base 2, what is 111111001 - -11?
111111100
In base 3, what is 11 - -120020?
120101
In base 9, what is -1311 - 2?
-1313
In base 15, what is 1 - 66?
-65
In base 15, what is -10 - 3?
-13
In base 5, what is -23 - 0?
-23
In base 15, what is 3 + b?
e
In base 5, what is -21104 - 10?
-21114
In base 8, what is -10046 - 0?
-10046
In base 10, what is 99 + -11?
88
In base 9, what is 0 + 63?
63
In base 12, what is -5 - 1011?
-1016
In base 16, what is -4 + 31?
2d
In base 12, what is 5aaa + -3?
5aa7
In base 5, what is 3 + 201?
204
In base 13, what is -c4 + -4?
-c8
In base 7, what is -1 + 1653?
1652
In base 15, what is 9a3 + 3?
9a6
In base 15, what is 2 - -1c6?
1c8
In base 15, what is -4 - -16?
12
In base 13, what is -4707 + 0?
-4707
In base 6, what is -2233 - 1?
-2234
In base 16, what is 5 + -74?
-6f
In base 4, what is 101220 - 0?
101220
In base 13, what is 2a + -1?
29
In base 8, what is -3 - -21?
16
In base 13, what is -36 + 0?
-36
In base 11, what is 0 - 18?
-18
In base 8, what is -57 + 0?
-57
In base 4, what is 2 - -11000?
11002
In base 2, what is 101 + -110001?
-101100
In base 13, what is 1 - 63?
-62
In base 10, what is 212 + 2?
214
In base 10, what is 1 - -152?
153
In base 11, what is -417a - -4?
-4176
In base 4, wha